{"id":97,"date":"2021-04-12T13:32:16","date_gmt":"2021-04-12T11:32:16","guid":{"rendered":"https:\/\/www.badaniacen.pl\/?page_id=97"},"modified":"2021-04-26T22:38:27","modified_gmt":"2021-04-26T20:38:27","slug":"o-nas","status":"publish","type":"page","link":"https:\/\/www.badaniacen.pl\/?page_id=97","title":{"rendered":"O Nas"},"content":{"rendered":"\t\t<div data-elementor-type=\"wp-page\" data-elementor-id=\"97\" class=\"elementor elementor-97\" data-elementor-settings=\"[]\">\n\t\t\t\t\t\t\t<div class=\"elementor-section-wrap\">\n\t\t\t\t\t\t\t<section class=\"elementor-section elementor-top-section elementor-element elementor-element-f7e01b2 elementor-section-boxed elementor-section-height-default elementor-section-height-default\" data-id=\"f7e01b2\" data-element_type=\"section\">\n\t\t\t\t\t\t<div class=\"elementor-container elementor-column-gap-default\">\n\t\t\t\t\t<div class=\"elementor-column elementor-col-66 elementor-top-column elementor-element elementor-element-cabd014\" data-id=\"cabd014\" data-element_type=\"column\">\n\t\t\t<div class=\"elementor-widget-wrap elementor-element-populated\">\n\t\t\t\t\t\t\t\t<div class=\"elementor-element elementor-element-0f9d58b elementor-widget elementor-widget-heading\" data-id=\"0f9d58b\" data-element_type=\"widget\" data-widget_type=\"heading.default\">\n\t\t\t\t<div class=\"elementor-widget-container\">\n\t\t\t<h2 class=\"elementor-heading-title elementor-size-large\">Anna Kami\u0144ska - za\u0142o\u017cycielka<\/h2>\t\t<\/div>\n\t\t\t\t<\/div>\n\t\t\t\t<div class=\"elementor-element elementor-element-6c7fe5c elementor-widget elementor-widget-text-editor\" data-id=\"6c7fe5c\" data-element_type=\"widget\" data-widget_type=\"text-editor.default\">\n\t\t\t\t<div class=\"elementor-widget-container\">\n\t\t\t\t\t<div class=\"elementor-text-editor elementor-clearfix\"><p>Pasjonatka handlu i marketingu. Ambitna i pomys\u0142owa. Kiedy co\u015b postanowi &#8211; realizuje\u00a0 w 100%.\u00a0<\/p><p>Posiada wieloletnie do\u015bwiadczenie w handlu zar\u00f3wno w du\u017cych sieciach spo\u017cywczych jak i mniejszych formatach sklep\u00f3w.\u00a0<\/p><p>Dyplomowana specjalista Nauk o \u017bywno\u015bci oraz Zarz\u0105dzania. Uko\u0144czy\u0142a studia wy\u017csze na SGGW oraz SGH.<\/p><\/div>\n\t\t\t\t<\/div>\n\t\t\t\t<\/div>\n\t\t\t\t\t<\/div>\n\t\t<\/div>\n\t\t\t\t<div class=\"elementor-column elementor-col-33 elementor-top-column elementor-element elementor-element-6781ccb\" data-id=\"6781ccb\" data-element_type=\"column\">\n\t\t\t<div class=\"elementor-widget-wrap elementor-element-populated\">\n\t\t\t\t\t\t\t\t<div class=\"elementor-element elementor-element-68d5ff8 elementor-widget elementor-widget-image\" data-id=\"68d5ff8\" data-element_type=\"widget\" data-widget_type=\"image.default\">\n\t\t\t\t<div class=\"elementor-widget-container\">\n\t\t\t\t\t<div class=\"elementor-image\">\n\t\t\t\t\t\t\t<figure class=\"wp-caption\">\n\t\t\t\t\t\t\t\t\t\t<img loading=\"lazy\" decoding=\"async\" width=\"650\" height=\"1024\" src=\"https:\/\/www.badaniacen.pl\/wp-content\/uploads\/2021\/04\/ANIK-650x1024.jpg\" class=\"attachment-large size-large\" alt=\"\" srcset=\"https:\/\/www.badaniacen.pl\/wp-content\/uploads\/2021\/04\/ANIK-650x1024.jpg 650w, https:\/\/www.badaniacen.pl\/wp-content\/uploads\/2021\/04\/ANIK-190x300.jpg 190w, https:\/\/www.badaniacen.pl\/wp-content\/uploads\/2021\/04\/ANIK-768x1210.jpg 768w, https:\/\/www.badaniacen.pl\/wp-content\/uploads\/2021\/04\/ANIK-975x1536.jpg 975w, https:\/\/www.badaniacen.pl\/wp-content\/uploads\/2021\/04\/ANIK-1300x2048.jpg 1300w, https:\/\/www.badaniacen.pl\/wp-content\/uploads\/2021\/04\/ANIK.jpg 1396w\" sizes=\"auto, (max-width: 650px) 100vw, 650px\" \/>\t\t\t\t\t\t\t\t\t\t\t<figcaption class=\"widget-image-caption wp-caption-text\"><\/figcaption>\n\t\t\t\t\t\t\t\t\t\t<\/figure>\n\t\t\t\t\t<\/div>\n\t\t\t\t<\/div>\n\t\t\t\t<\/div>\n\t\t\t\t\t<\/div>\n\t\t<\/div>\n\t\t\t\t\t\t\t<\/div>\n\t\t<\/section>\n\t\t\t\t\t\t<\/div>\n\t\t\t\t\t<\/div>\n\t\t","protected":false},"excerpt":{"rendered":"<p>Anna Kami\u0144ska &#8211; za\u0142o\u017cycielka Pasjonatka handlu i marketingu. Ambitna i pomys\u0142owa. Kiedy co\u015b postanowi &#8211; realizuje&nbsp; w 100%.&nbsp; Posiada wieloletnie do\u015bwiadczenie w handlu zar\u00f3wno w du\u017cych sieciach spo\u017cywczych jak i mniejszych formatach sklep\u00f3w.&nbsp; Dyplomowana specjalista Nauk o \u017bywno\u015bci oraz Zarz\u0105dzania. Uko\u0144czy\u0142a studia wy\u017csze na SGGW oraz SGH.<\/p>\n","protected":false},"author":1,"featured_media":0,"parent":0,"menu_order":0,"comment_status":"closed","ping_status":"closed","template":"","meta":{"footnotes":""},"class_list":["post-97","page","type-page","status-publish","hentry"],"_links":{"self":[{"href":"https:\/\/www.badaniacen.pl\/index.php?rest_route=\/wp\/v2\/pages\/97","targetHints":{"allow":["GET"]}}],"collection":[{"href":"https:\/\/www.badaniacen.pl\/index.php?rest_route=\/wp\/v2\/pages"}],"about":[{"href":"https:\/\/www.badaniacen.pl\/index.php?rest_route=\/wp\/v2\/types\/page"}],"author":[{"embeddable":true,"href":"https:\/\/www.badaniacen.pl\/index.php?rest_route=\/wp\/v2\/users\/1"}],"replies":[{"embeddable":true,"href":"https:\/\/www.badaniacen.pl\/index.php?rest_route=%2Fwp%2Fv2%2Fcomments&post=97"}],"version-history":[{"count":14,"href":"https:\/\/www.badaniacen.pl\/index.php?rest_route=\/wp\/v2\/pages\/97\/revisions"}],"predecessor-version":[{"id":164,"href":"https:\/\/www.badaniacen.pl\/index.php?rest_route=\/wp\/v2\/pages\/97\/revisions\/164"}],"wp:attachment":[{"href":"https:\/\/www.badaniacen.pl\/index.php?rest_route=%2Fwp%2Fv2%2Fmedia&parent=97"}],"curies":[{"name":"wp","href":"https:\/\/api.w.org\/{rel}","templated":true}]}}